 be (42/(-18) + -1)*3/2. What is the tens digit of (p - t)*(-20)/6?
3
Let q = 4251 - 2093. What is the thousands digit of q?
2
Suppose 3*v - 9 = -2*j - 4, 5*v + 1 = -j. Let g = j + -2. What is the units digit of (-2 + 11)*(3 - g)?
9
Let t(y) = -2*y**2 - 3*y + 2. Let p be t(-4). Let z be (p/(-15))/((-2)/10). What is the tens digit of 3*(1 + (-32)/z)?
1
Suppose -s + 2*s = -3*f + 459, -4*f - 4*s = -604. Let v = f - 108. What is the units digit of v?
6
Suppose -4*c - 76 = -2*n, -60 = 3*c + 2*n + 4. What is the hundreds digit of ((-3025)/c - 2/8) + 0?
1
Let s(f) = -43*f - 4. Let j be s(3). Let n = j + 232. Let t = n - 38. What is the units digit of t?
1
Suppose j = -5*z + 4594, -4*j + 0*j = 5*z - 18361. What is the units digit of j?
9
Let o be (-6)/(5*5/50). Let a be ((-9)/o)/(3/8). What is the tens digit of -3 - ((-450)/a)/3?
7
Suppose 0 = 7*n - 175 - 1267. What is the tens digit of n?
0
Let p(x) = -x**3 + 2*x**2 + 158*x - 1. What is the units digit of p(11)?
8
Let q(d) = -d**3 - 4*d**2 - 2*d - 9. Let k be q(-3). Let x = 83 - k. What is the units digit of x?
5
Let z(l) = l**3 - 4*l**2 - 11*l - 10. Let q be z(9). Suppose q = 9*i - 7*i. What is the hundreds digit of i?
1
Let m = -14 - -16. Suppose -21 = -m*c - c. What is the units digit of c?
7
Suppose 3*w = -2*w - 2*p + 2341, 2*w - 940 = p. What is the hundreds digit of w?
4
Suppose 4*m - 5 - 7 = 0. Suppose -6*x = -4*x + 3*c - 103, -m*x + 153 = 5*c. What is the units digit of x?
6
Suppose 24 = 5*u + u. Suppose u*n + 124 = q, -3*n = 3*q + q - 458. What is the tens digit of q?
1
Suppose -m + 899 = 5*p, 4*m + 4*p - 5316 = -1752. What is the tens digit of m?
8
Let u(z) = z**3 + 6*z**2 + 8*z + 11. Let k be u(-5). What is the tens digit of -58*k/(-24)*-3?
2
Let a(s) = -4*s - 14. Let m be a(-4). Suppose b = m*b. Suppose -4*q + 115 = 5*k, b*k - 4*k = 5*q - 92. What is the tens digit of k?
2
Suppose 1 - 5 = -2*c. Suppose 4*n - 3*x = 265, -c*n - 4*x + 0*x = -160. What is the tens digit of n?
7
Let m(a) = a**3 - 21*a**2 - 34*a + 17. What is the hundreds digit of m(23)?
2
Let j(u) = 10*u**2 - u. Let n(l) = 3*l**3. Let q be n(1). Let s be j(q). Let a = s - 46. What is the units digit of a?
1
Let u = 32 + -28. Suppose -4 - 4 = -u*c. Suppose -c*o + o + 42 = 0. What is the tens digit of o?
4
What is the units digit of 379 + (-7 - 8)/(-3)?
4
Suppose 0*g - 4*g - 5*t = -17, 2*t - 6 = -2*g. Let h be (-36)/(-27)*(g + 5). Suppose h*l + 4*o - 88 = 64, 2*l = o + 70. What is the tens digit of l?
3
Let b(t) = 5*t**2 - t + 2. Suppose -5*c + d + 13 = -d, 0 = -5*c + 3*d + 17. Suppose -5*h = -11 + c. What is the units digit of b(h)?
0
Suppose 4*l = -8, -3*l = 4*k - 2*k + 46. Let x = k + 43. What is the units digit of x?
3
Let i = 467 - 175. Let v = 421 - i. What is the tens digit of v?
2
Suppose 4164 = 5*p + 4*s - 5*s, 4*s + 2495 = 3*p. What is the tens digit of p?
3
Let f(v) = -3094*v**3 - 3*v**2 - 13*v - 12. What is the units digit of f(-1)?
2
Let u(x) = x**2 - 2. Let f be u(-2). Suppose 233 = f*l + 5*a - 4*a, l - 139 = -5*a. Let y = -62 + l. What is the tens digit of y?
5
Let t(z) = z**3 - z**2 - z + 12. Suppose -134 = -7*b - 29. Suppose 3*u = -4*m - b, -2 = 5*m - 2*u - 12. What is the tens digit of t(m)?
1
Suppose -3 = -3*p + 2*z, -3*p + p - 5*z - 17 = 0. Let h(m) = -23*m**3 - 1 + 3*m**2 + 4*m - 5*m - 2*m**2. What is the units digit of h(p)?
4
Let h(u) be the first derivative of 33*u**2/2 + u - 29. Suppose 3*k + 2*q = 5, 1 = 5*k + 3*q - 7. What is the units digit of h(k)?
4
Let k(r) = 9*r + 5. Let p(n) = -19*n - 10. Let j(d) = 11*k(d) + 6*p(d). What is the units digit of j(-4)?
5
Let d be (14 + -29)*1/(-3). Let m = -2 + d. Suppose m*s = a + 116, 4*s - 2*a + 3*a = 164. What is the tens digit of s?
4
Let p(i) = 137*i**2 + 9*i - 43. What is the thousands digit of p(4)?
2
Let w = 6 + -1. Suppose 5*a - 3*a + 522 = w*m, 207 = 2*m + a. What is the tens digit of m?
0
Let o(k) = 74*k - 3. Let w(b) = 37*b - 1. Let l(y) = -3*o(y) + 7*w(y). What is the tens digit of l(2)?
7
What is the hundreds digit of (-1039 + 3)*8/(-16)?
5
Suppose 0 = 3*l + 4*x - 127, -3*l - 2*x + 86 = -l. Let d = l - 22. What is the tens digit of d?
2
Suppose -2*a + 3*a - 2 = 0. Let f(s) = 7*s**2 - 2*s**2 - s**a + s. What is the units digit of f(-2)?
4
Let y(g) = -g**3 + 2*g**2 + 10*g - 10. Let l be y(-9). Suppose 2*u + 5*u - l = 0. What is the units digit of u?
3
Let g(h) = -4*h**2 - 2*h + 1. Let t be g(-3). Let f be (-141)/(-2)*2/3. Let l = f + t. What is the tens digit of l?
1
What is the tens digit of -6*(-3832)/18 + 35/(-105)?
7
Suppose -2*i + 1379 = -3*x, 3*i + 2*i - 2*x - 3464 = 0. What is the tens digit of i?
9
Let h = 1450 + 1260. What is the thousands digit of h?
2
Let w(o) = 3*o**2 - 22*o + 254. What is the units digit of w(33)?
5
Suppose 0 = -832*p + 850*p - 43200. What is the hundreds digit of p?
4
Suppose 0 = 4*i - z + 2202 - 7307, 2*i + 2*z = 2560. What is the units digit of i?
7
Suppose 22*o - 432 = 10*o. Suppose 0 = 33*h - o*h + 765. What is the hundreds digit of h?
2
What is the units digit of 686 - (-2 + 2 + 0)?
6
Suppose z - 4*z = -6. Suppose -4*l + z*p = -2*l - 18, -3 = l + 3*p. What is the tens digit of 139/l - 5/30?
2
Suppose 26*p - 25*p = 1337. What is the thousands digit of p?
1
Suppose -5*j - 5 = -y - 2, -2*j + 9 = 3*y. Suppose j = -6*m + m. Suppose -5*o + 3*t - t + 175 = m, -107 = -4*o - 5*t. What is the units digit of o?
3
Let y(w) = w**3 + 7*w + 883. What is the hundreds digit of y(0)?
8
Let s(b) = -b + 13. Let r be (-9 + 3)/((-6)/8). Suppose 3*g - r*g - 30 = 0. What is the tens digit of s(g)?
1
Let y = -7 + -3. Let f = -7 - y. Suppose -z + 3 + f = 0. What is the units digit of z?
6
Let n be 1/(126/129 + -1). Let i = n - -56. What is the units digit of i?
3
Suppose 22*t + 2382 = 5*c + 19*t, -1430 = -3*c + 2*t. What is the units digit of c?
4
Let d(v) be the first derivative of 2*v**3 + v**2 + v + 2. What is the units digit of d(2)?
9
Let k(v) = -v**2 - 5*v + 4. Let x be k(-6). Let o be (7/(-14))/(x/(-32)). What is the units digit of ((-2)/o + 1)*20?
5
Let p(c) = 7*c**2 - c + 12. Let v be p(6). Suppose -2*z - 31 = -5*x + v, x + 3*z = 68. What is the tens digit of x?
5
Let n(r) = 10 - 3 + 2 + 7*r. Let v be n(-16). Let w = -58 - v. What is the tens digit of w?
4
Let v(g) = -31*g**3 - 6*g**2 - 6*g - 4. Let b be v(-3). Suppose -14*s = -407 - b. What is the units digit of s?
6
Let o = 49 - 39. What is the units digit of 0 - -21 - (o + -13)?
4
Let d(c) = c**2 - 6*c - 15. Let z be d(8). Suppose -z = -v, w - 2*v = -4*w + 598. What is the tens digit of w?
2
What is the hundreds digit of 773 - (8 + 3 + -2)?
7
Let r be 260 + 0/(-3 + 5). Suppose 8*h + r = 3*h. What is the units digit of 2 + (-1 - h)/3?
9
Suppose -2 = -p - 5*i + 8, 0 = -2*p - 3*i + 13. Suppose -p*z + 144 = -3*l, -74 = 2*l + 3*z + z. Let f = -18 - l. What is the units digit of f?
5
Let j be ((-4)/(-2))/(9/18). Suppose 4*y = -4*p + 2 - 10, j*p = -3*y - 11. What is the units digit of (-51)/((y/2)/(-1))?
4
Let i(a) = 19 + 2*a**2 + 5 + 36. What is the units digit of i(0)?
0
Let m(d) = 23*d**2 - 1 + 7*d + 9*d - 14*d + 63*d**2. What is the tens digit of m(1)?
8
Suppose -85*d + 56*d + 56376 = 0. What is the thousands digit of d?
1
Let o(c) = -1. Let w(p) = 13*p - 3 + 0*p + 0*p + 25*p. Let z(j) = -4*o(j) + w(j). What is the tens digit of z(1)?
3
Let l(f) = 28*f**2 - 12*f + 6. What is the tens digit of l(4)?
0
What is the tens digit of ((-12)/(-27))/1 + (-187220)/(-36)?
0
Let c be 12/(-42) - 114/(-7). Let a be c/7 + (-2)/7. What is the units digit of a*3/(-6)*-7?
7
What is the tens digit of (681 - 19)*(3 + -2)?
6
Suppose 9*m = 4*m + 680. Let a be (-5)/1*m/(-20). Suppose a + 10 = 4*u. What is the tens digit of u?
1
Let z be 3/(-1 - 0) + -13 + -5. Let d(f) = -5*f - 24. What is the tens digit of d(z)?
8
Let b = 17 + -9. Suppose -h = -2*h + 2*z + 24, 4*z = b. Suppose -g = 0, 5*a - h - 47 = -4*g. What is the tens digit of a?
1
What is the tens digit of (-2754)/(-7) + ((-180)/(-42))/(-10)?
9
What is the tens digit of 4/(12/15) - 328*-2?
6
Let r(m) = -m**3 + 15*m**2 + 2*m + 12. Let q be r(15). Suppose 0 = 4*u - 506 + q. What is the units digit of u?
6
Suppose -2*m = 0, -p - m - 4*m = -566. What is the tens digit of p?
6
Let q = 2050 + -1399. What is the units digit of q?
1
Let w(s) = -24*s + 13.